{"version":"1.0","type":"rich","width":"560px","height":"140px","title":"\u201eIch bin kein Pro mehr \u2026\u201c - Stefan erkl\u00e4rt, wie er seinen iMac gepimpt hat, wir unterhalten uns \u00fcber die neuen M1-Macs und diskutieren, was wir alles an Apples MagSafe-Zubeh\u00f6r nicht m\u00f6gen.","url":"https:\/\/www.schleifenquadrat.fm\/723\/","author_name":"Schleifenquadrat. Der Apple-Podcast von Mac Life. - Der Apple-Podcast von Mac Life.","author_url":"https:\/\/www.schleifenquadrat.fm","thumbnail_url":"https:\/\/www.schleifenquadrat.fm\/wp-content\/uploads\/2025\/05\/cover-2025-scaled.jpg","html":"<iframe width=\"560px\" height=\"140px\" src=\"https:\/\/www.schleifenquadrat.fm\/723\/?standalonePlayer\"><\/iframe>"}

„Ich bin kein Pro mehr …“ - Stefan erklärt, wie er seinen iMac gepimpt hat, wir unterhalten uns über die neuen M1-Macs und diskutieren, was wir alles an Apples MagSafe-Zubehör nicht mögen.
