{"version":"1.0","type":"rich","width":"560px","height":"140px","title":"\u2026 und der Corona-K\u00fcndiger - Wir kl\u00e4ren in einem Interview, wie man eine iPhone-H\u00fclle kompostierbar bekommt, ob Intel auch auf den M\u00fcll geh\u00f6rt und wir gucken 20 Jahre in die Vergangenheit mit Mac OS 8.","url":"https:\/\/www.schleifenquadrat.fm\/sq070-und-der-corona-kuendiger\/","author_name":"Schleifenquadrat - Der Apple-Podcast von Mac Life.","author_url":"https:\/\/www.schleifenquadrat.fm","thumbnail_url":"https:\/\/www.schleifenquadrat.fm\/wp-content\/uploads\/2026\/08\/Podcast-Cover-80-scaled.jpg","html":"<iframe width=\"560px\" height=\"140px\" src=\"https:\/\/www.schleifenquadrat.fm\/sq070-und-der-corona-kuendiger\/?standalonePlayer\"><\/iframe>"}

… und der Corona-Kündiger - Wir klären in einem Interview, wie man eine iPhone-Hülle kompostierbar bekommt, ob Intel auch auf den Müll gehört und wir gucken 20 Jahre in die Vergangenheit mit Mac OS 8.
